me factors of 3967878?
2, 3, 239, 2767
What are the prime factors of 1864981?
137, 13613
What are the prime factors of 1228354?
2, 614177
What are the prime factors of 5695471?
5695471
List the prime factors of 266238.
2, 3, 7, 2113
What are the prime factors of 12308784?
2, 3, 347, 739
What are the prime factors of 833468?
2, 208367
What are the prime factors of 12005210?
2, 5, 7, 41, 47, 89
List the prime factors of 6949918.
2, 43, 211, 383
List the prime factors of 10488320.
2, 5, 17, 241
List the prime factors of 3511769.
3511769
List the prime factors of 2132129.
2132129
What are the prime factors of 1514345?
5, 7, 883
What are the prime factors of 26235?
3, 5, 11, 53
What are the prime factors of 902595?
3, 5, 19, 3167
What are the prime factors of 348200?
2, 5, 1741
List the prime factors of 2142295.
5, 229, 1871
What are the prime factors of 828294?
2, 3, 127, 1087
List the prime factors of 52623.
3, 1949
What are the prime factors of 1267996?
2, 17, 29, 643
What are the prime factors of 48043?
107, 449
List the prime factors of 48522.
2, 3, 8087
What are the prime factors of 20682414?
2, 3, 313, 3671
List the prime factors of 188162.
2, 13, 7237
What are the prime factors of 18886212?
2, 3, 109, 4813
List the prime factors of 144944.
2, 9059
What are the prime factors of 108965?
5, 19, 31, 37
What are the prime factors of 1279781?
523, 2447
List the prime factors of 107264.
2, 419
What are the prime factors of 23289699?
3, 2131, 3643
List the prime factors of 622638.
2, 3, 34591
List the prime factors of 4449423.
3, 11, 73, 1847
List the prime factors of 6836137.
7, 11, 1153
List the prime factors of 644988.
2, 3, 59, 911
What are the prime factors of 4881772?
2, 7, 24907
List the prime factors of 954858.
2, 3, 43, 3701
What are the prime factors of 30635272?
2, 53, 72253
List the prime factors of 535616.
2, 8369
What are the prime factors of 3706234?
2, 7, 264731
What are the prime factors of 8110292?
2, 17, 41, 2909
What are the prime factors of 846520?
2, 5, 21163
What are the prime factors of 399639?
3, 133213
What are the prime factors of 238620?
2, 3, 5, 41, 97
List the prime factors of 1174053.
3, 391351
What are the prime factors of 165024?
2, 3, 191
List the prime factors of 284286.
2, 3, 47381
What are the prime factors of 3346799?
23, 145513
What are the prime factors of 75246?
2, 3, 12541
List the prime factors of 2118586.
2, 1059293
List the prime factors of 794117.
373, 2129
What are the prime factors of 1781380?
2, 5, 89069
List the prime factors of 415524.
2, 3, 31, 1117
What are the prime factors of 202542?
2, 3, 33757
List the prime factors of 227717.
7, 32531
What are the prime factors of 137138?
2, 191, 359
What are the prime factors of 3256466?
2, 41, 151, 263
List the prime factors of 682093.
31, 22003
List the prime factors of 8017947.
3, 7, 79, 179
What are the prime factors of 133665?
3, 5, 7, 19, 67
What are the prime factors of 10377123?
3, 17, 11969
What are the prime factors of 2484879?
3, 229, 3617
What are the prime factors of 3686326?
2, 7, 179, 1471
What are the prime factors of 5066558?
2, 7, 37, 9781
List the prime factors of 146945.
5, 29389
List the prime factors of 24308751.
3, 467, 17351
List the prime factors of 421777.
197, 2141
What are the prime factors of 4801719?
3, 13, 123121
List the prime factors of 3289655.
5, 657931
List the prime factors of 2843519.
7, 58031
What are the prime factors of 9175153?
13, 705781
List the prime factors of 1139572.
2, 7, 40699
What are the prime factors of 100386?
2, 3, 11, 13
What are the prime factors of 2416908?
2, 3, 13, 15493
What are the prime factors of 16261650?
2, 3, 5, 36137
What are the prime factors of 22060?
2, 5, 1103
What are the prime factors of 42651?
3, 7, 677
What are the prime factors of 266697?
3, 29633
List the prime factors of 1098051.
3, 31, 11807
What are the prime factors of 92181?
3, 30727
What are the prime factors of 31231704?
2, 3, 7, 185903
List the prime factors of 8934689.
73, 122393
List the prime factors of 9325020.
2, 3, 5, 73, 2129
What are the prime factors of 22936495?
5, 659, 6961
List the prime factors of 1998172.
2, 11, 45413
List the prime factors of 371826.
2, 3, 7, 13, 227
What are the prime factors of 13538629?
13, 103, 10111
What are the prime factors of 122047?
31, 127
What are the prime factors of 226026?
2, 3, 29, 433
What are the prime factors of 14066679?
3, 11, 401, 1063
What are the prime factors of 10992641?
11, 999331
What are the prime factors of 8123855?
5, 139, 11689
List the prime factors of 18777056.
2, 37, 15859
List the prime factors of 325482.
2, 3, 17, 3191
What are the prime factors of 74263?
7, 103
List the prime factors of 39453246.
2, 3, 7, 521, 601
List the prime factors of 169359.
3, 56453
What are the prime factors of 46594?
2, 23297
List the prime factors of 20264627.
61, 332207
What are the prime factors of 273237?
3, 91079
What are the prime factors of 15411941?
41, 375901
What are the prime factors of 4449516?
2, 3, 370793
List the prime factors of 687269.
11, 43, 1453
What are the prime factors of 2974220?
2, 5, 148711
What are the prime factors of 3034224?
2, 3, 19, 1109
List the prime factors of 1959105.
3, 5, 131, 997
List the prime factors of 2550508.
2, 637627
What are the prime factors of 212921?
149, 1429
List the prime factors of 1696438.
2, 173, 4903
What are the prime factors of 3306711?
3, 1102237
What are the prime factors of 75802?
2, 151, 251
List the prime factors of 160969.
160969
What are the prime factors of 334290?
2, 3, 5, 11, 1013
List the prime factors of 2086518.
2, 3, 7, 47, 151
What are the prime factors of 1775622?
2, 3, 295937
List the prime factors of 173475.
3, 5, 257
What are the prime factors of 1380328?
2, 172541
What are the prime factors of 1108018?
2, 53, 10453
What are the prime factors of 2055409?
2055409
List the prime factors of 3475539.
3, 89, 4339
What are the prime factors of 4287618?
2, 3, 238201
List the prime factors of 890885.
5, 17, 47, 223
What are the prime factors of 13966920?
2, 3, 5, 11, 3527
List the prime factors of 199427.
17, 11731
What are the prime factors of 40140?
2, 3, 5, 223
List the prime factors of 7527857.
19, 396203
What are the prime factors of 2816256?
2, 3, 19, 193
List the prime factors of 702625.
5, 7, 11, 73
List the prime factors of 17680356.
2, 3, 197, 277
List the prime factors of 1192653.
3, 7, 11, 1721
What are the prime factors of 27072706?
2, 1637, 8269
List the prime factors of 206515.
5, 103, 401
What are the prime factors of 24961575?
3, 5, 241, 1381
List the prime factors of 1328994.
2, 3, 24611
List the prime factors of 14341672.
2, 1792709
What are the prime factors of 56796?
2, 3, 4733
What are the prime factors of 1088416?
2, 7, 43, 113
List the prime factors of 777363.
3, 259121
List the prime factors of 572659.
572659
What are the prime factors of 5100761?
181, 28181
What are the prime factors of 1480510?
2, 5, 23, 41, 157
List the prime factors of 637531.
637531
List the prime factors of 264744.
2, 3, 3677
List the prime factors of 256510.
2, 5, 113, 227
What are the prime factors of 1470930?
2, 3, 5, 49031
List the prime factors of 9432.
2, 3, 131
List the prime factors of 15879788.
2, 1013, 3919
What are the prime factors of 894628?
2, 7, 89, 359
What are the prime factors of 819028?
2, 7, 29251
What are the prime factors of 745291?
37, 20143
What are the prime factors of 195758?
2, 97879
List the prime factors of 7653379.
457, 16747
What are the prime factors of 731872?
2, 22871
List the prime factors of 131709.
3, 43, 1021
List the prime factors of 8941460.
2, 5, 11, 97, 419
List the prime factors of 236944.
2, 59, 251
What are the prime factors of 99276?
2, 3, 8273
List the prime factors of 162729.
3, 7, 41
List the prime factors of 3032218.
2, 7, 30941
What are the prime factors of 1802150?
2, 5, 7, 19, 271
List the prime factors of 88470.
2, 3, 5, 983
List the prime factors of 2835930.
2, 3, 5, 94531
List the prime factors of 8479615.
5, 137, 12379
What are the prime factors of 3317830?
2, 5, 71, 4673
List the prime factors of 281544.
2, 3, 11731
List the prime factors of 9808816.
2, 43, 53, 269
List the prime factors of 329762.
2, 164881
What are the prime factors of 588700?
2, 5, 